late -11 - (-9 - -2) - (-126 - -147).
-25
(6 - 5 - -4 - -14) + (28 - 6 - 21)
20
Evaluate (35 - -107 - 147) + (2 - 0 - 16).
-19
What is the value of (86 - 22 - 62) + (2 - 1 - 9)?
-6
Calculate 18 - (-51 - -34 - -82).
-47
What is -12 - (12 - -19 - 63) - -14?
34
What is 398 - 322 - (7 - -8)?
61
Calculate (-6 - -4) + -18 + 47 + -11.
16
What is the value of 89 - 3 - (48 + -23 + -40 + 17 + -1)?
85
What is the value of (40 + -57 - -53) + 18?
54
Calculate (18 - 23 - -3) + 6 + (2 - 2) + 79.
83
What is -1 - -5 - (1549 - 1528)?
-17
What is the value of (20 + (22 - 32) - 20) + -10?
-20
What is 56 - (-8 - (13 + -2 + -7) - -11)?
57
Calculate 3 - (-1 + 0) - (23 - (32 - 15)).
-2
Evaluate 84 + (3 - (-53 - -34)) - (6 - 11).
111
22 + 16 + (24 - -7) + -41
28
Evaluate 6 - (9 + -26 + 40) - -15.
-2
Evaluate (4 + 1 - (0 - 0)) + -789 + 703.
-81
Calculate (-14 - 4) + (-5 - 13 - -27) - (-133 + 4).
120
What is the value of (0 - 11 - 9 - -2) + -4?
-22
Evaluate (-5 - -24) + 89 + -42 + -80.
-14
Evaluate -44 - ((54 - -2) + -55).
-45
84 + (5 - (-3 - -16)) + (-126 - -125)
75
Evaluate -21 + (35 - (33 + -42 - 17)).
40
What is the value of -11 - (-9 - -7 - -9) - -10 - (-1 + -90)?
83
Calculate 3 - 31 - (-6 + 9) - (57 + -151 - -81).
-18
What is the value of 159 - 165 - (-8 - 0 - (87 - 62))?
27
Calculate -39 + (-94 - (-22 + -29)).
-82
13 + -67 + -28 + 34 + -8
-56
-61 - -3 - (18 + (-9 - (7 + -3)))
-63
What is the value of 102 + -26 - 15 - (6 + 1 + -21)?
75
Calculate 5 - (-1 + 13 - (38 - 11 - 45)).
-25
Calculate 35 - (16 + 13) - (-5 - -1 - (-57 - -8)).
-39
-1 - (1 - -10 - (-307 - -330)) - (12 + 94)
-95
What is 6 + -7 + 14 + 28 + -17?
24
Evaluate -67 - (94 + -99 + (5 - ((4 - 3) + -1))).
-67
What is -1 + -17 + -173 + (161 - 13)?
-43
Calculate 4 - (-14 - (30 + -12 + -105)) - 15.
-84
Evaluate -18 + -57 - (10 - 7).
-78
Evaluate 3 + 1 + -7 - -50 - (2263 + -2254).
38
What is the value of -16 - (21 + 22) - (-15 - 4)?
-40
(1715 + -1663 - (2 + 0 + 0 - 2)) + -4
48
Evaluate -7 - ((-14 - -18) + -7 - (11 + -3)) - 57.
-53
Calculate -13 - (-17 + 14) - (6 + -2 + -2 + -63).
51
Evaluate (-9 - -15) + (70 - 84).
-8
-12 - (11 - (-11 - -14)) - 7
-27
What is (-56 - 24) + -14 - -89?
-5
What is -46 + 219 + -57 - ((-5 - -27) + -7)?
101
653 - 639 - (-1 - -62) - ((-1 - 1) + 4)
-49
What is the value of (1 - -6) + -65 + (33 - 15)?
-40
What is the value of (-31 - (-5 - (4 - 10))) + -1 + (9 - -2)?
-22
What is the value of (-2 - (-61 + 153)) + 27?
-67
What is (25 - 16) + -45 + 24 + (-5 - -4 - 22)?
-35
Evaluate 84 - -4 - (4 - (0 - -10 - 9)).
85
-692 - -692 - ((0 - -2) + -5 - 30)
33
Calculate -58 - -11 - (-177 + 110).
20
What is the value of -603 + (-28 - -658) - (-1 - 1 - -4 - 0)?
25
-6 + 2 + (23 - (-16 + (22 - 2)))
15
Calculate 123 + (160 + -79 - 174).
30
Evaluate -148 + (-83 - -190) + -1 + 21.
-21
What is the value of -3 + -24 - (-1775 + 1794)?
-46
Evaluate (-28 - -15 - -19) + -7 + (7 - -15).
21
Calculate -14 - (-200 - -224 - (49 - 1)).
10
What is the value of 19 - (20 - -21 - 22)?
0
What is the value of -2 + (-15 + -3 + 7 - 17) + -4 + 1?
-33
What is -21 + (23 - (19 + -4)) + -1 + -2?
-16
Evaluate -34 - (-4 - (13 + -12 + 6 + -31)).
-54
Calculate 21 - 24 - (1 + -22) - 59.
-41
Evaluate (41 - -1) + 0 + -14 - (41 + -27).
14
18 + -1 + -60 + 52 - (4 + 0 - -10)
-5
What is 32 - (43 + -31 + -26)?
46
Calculate 74 - (6 - 2) - -1 - (-2 - -2).
71
22 + (-18 + -33 - -8) + 11
-10
What is -94 - (129 + -39 + -177)?
-7
(2 - 11) + -5 - -6 - (-25 - -66)
-49
0 + 3 - -14 - -19 - -5
41
What is (-11 - (7 + 0 + -68 + 140)) + 4 + 4?
-82
Evaluate (-248 - -242) + (3 + 0 + 0 - 3).
-6
What is 41 + (-109 + -3 - (-332 - -309))?
-48
Evaluate 35 - ((4 - -1) + -7 + -7 + (4 - -14)).
26
Evaluate 3 + -3 + 10 + -9 + 7 - -12 - -9.
29
Evaluate 0 - (1 + (-1 - (-4 - 5))) - (-10 + -29).
30
-10 + (20 - 26) - 48
-64
What is 0 - 12 - (-34 + -16 + 55 + -6)?
-11
Evaluate -2 + 48 + -55 + 9.
0
Evaluate 6 + (0 - (7 - 2)) + -8 + 79.
72
144 - 15 - (-62 + 38 - -50)
103
108 - (((12 + -4 - 13) + 5 - -1) + 2)
105
Calculate -10 + 4 + -4 - (51 + -47 + -13).
-1
What is -10 + -2 - (79 + (-17 - (-10 - -8)))?
-76
What is the value of -8 + (-11 - -131 - 10) + -6 - 2 - 11?
83
What is -1 - -23 - (97 - (-14 + 51))?
-38
Calculate 13 - (1 - -1) - ((45 - -46) + -55).
-25
Evaluate -3 + 3 - (-220 + 188) - 15.
17
What is 42 - (40 + (-7 - (15 - 4)))?
20
What is the value of (-4 - 9) + -6 + 3 + (5 + -5 - 2)?
-18
Evaluate -6 + (2 - 18 - (-95 + 74)).
-1
What is the value of 46 + -23 - 18 - -22?
27
Evaluate -11 + 0 + 47 - (-57 + 39).
54
Evaluate 1 + -8 - -24 - ((7 - -7) + -9).
12
Calculate (-75 - 0) + (3 - 2 - -3 - (-1630 - -1637)).
-78
What is the value of 0 + 1 + (136 - (192 + -58))?
3
What is the value of 2 - (12 + -4 + 7 + -17 + 3)?
1
2142 - 2164 - ((0 - 0) + -8)
-14
Calculate 85 + -80 + 27 + -79.
-47
1269 + -1277 - (-30 + (-3 - -1))
24
What is 16 + ((52 - 13) + -3 - 1)?
51
Evaluate 64 - (8 - (-11 + 1)) - 23.
23
2 + 0 + -23 + 5 + -22
-38
What is 3 + (-37 - (18 + -28)) - 15?
-39
What is -256 - -259 - ((-13 - -1) + 5) - 16?
-6
Evaluate 57 + -68 + -2 + (7 - 14).
-20
Calculate (0 - 55) + (-145 - -133).
-67
What is 44 + 105 + -249 + 32?
-68
What is the value of -89 - -54 - -70 - (34 - 3)?
4
What is the value of (-875 - -859 - (12 + (2 - (-1 - -5)))) + 4?
-22
(-20 + 71 - -37) + -148
-60
Calculate -3843 - -3910 - (2 - (0 - -25)).
90
-47 - (-46 + -33) - -2
34
-73 + 4 + 48 + -2 + 18
-5
Evaluate 8 + (1 - (3 + -1)) + (-35 - (20 + -70)).
22
41 + ((-16 - -9) + 21 - 0)
55
2 + 59 + (-124 - (-96 + -59))
92
What is -39 - ((7 - 8) + 17 - (-5 - -25))?
-35
Evaluate 19 + (89 - (-10 - -19)) + -26.
73
Calculate -41 - (68 + -24 + 14 - 38).
-61
Calculate 1 - ((37 - 32) + -3 + -9 + -3).
11
Calculate (-5 - (47 + -33)) + 44.
25
What is (5 + -7 - 20) + (-8 - (35 - 33))?
-32
-17 - -12 - (3 - (28 + -16 + 7))
11
Evaluate 97 - 8 - -10 - (-3 + (27 - 40)).
115
26 + (54 - 72) + -23
-15
Evaluate 5 - (-4 + -2 + 4) - (30 - (31 + 4)).
12
What is -9 - (0 + -4) - ((30 - 23) + -61)?
49
What is the value of 1847 - 1810 - (25 - 1) - (-1 - 128)?
142
Evaluate -7 + -141 + 150 + (2 - 44).
-40
What is the value of 44 - (10 - (50 - 57))?
27
-3 - (377 + -398 + 11 + (-1 - 2))
10
What is the value of 55 + -11 + -42 + 52?
54
What is the value of (-825 - -538 - -200) + 1 + -8 + 0 + -1?
-95
(23 - -4) + (-50 - -26)
3
What is (-37 - (-13 + 0) - -27) + -3 + 130?
130
What is the value of -10 - (-3 + 4 + 1 - (12 - 5)) - -63?
58
Calculate 14260 + -14208 - (0 - -10).
42
(-2 - (13 + -3 + -22)) + 7 + -42
-25
What is -18 + (10 - (-1 + 9 - (22 + -13))) - 103?
-110
-12 - (-1 - -63 - (-10 - (-34 - (31 - 64))))
-83
Calculate 2272 - 2392 - (-106 + 5).
-19
1 + -21 - (59 + (161 - 225))
-15
Evaluate -7 - -19 - 3 - (-5 + 16) - -4.
2
What is the value of (109 - (-6 - 72)) + -100?
87
Evaluate -144 + 37 + 109 + (-46 - (-2 - 0)).
-42
(2 - (17 + (-54 - -16))) + 20
43
What is the value of (90 - 0 - (-397 + 425)) + -29?
33
Calculate (0 + 2 - 27 - (1258 + -1263)) + 4.
-16
5 - (7 - (((-2 - 1) + -7 - -3) + -52))
-61
What is the value of 102 - 1 - (-808 - -923)?
-14
Calculate 7 + (-2 - 12) + -2 + (-42 - -30).
-21
What is (-7 - (55 - 138)) + -10 + 11 + (1 - -6)?
84
-128 + 46 - -79 - (51 + (5 - (-5 - -10)))
-54
What is the value of 7 + -81 + 1 + (11 - 9) + -11?
-82
What is 2 - 41 - 24 - 9?
-72
54 - (1 - 4 - (42 - 47 - 2) - 4)
54
38 - (8 - -15 - 1) - -3
19
Evaluate (2 - (-10 + (-26 - -5))) + -20.
13
What is -106 - (-1 + (5 - -3) + (4 - -2 - 5))?
-114
What is 3 - ((19 - 0) + -8 - (18 + -19))?
-9
Evaluate 1 + 2 + 32 + -121 + 43 + 2.
-41
Calculate 17 - (0 + -43 - (1 + -74 + 77)).
64
Calculate (0 - 16) + (22 - (15 + -2)).
-7
-4 + 0 + 11 - ((14 - (35 + 19)) + 13)
34
-176 + 114 + 61 + -7
-8
Evaluate -5 - 37 - (-44 + -2).
4
Calculate -66 - (-51 + 14 + -62).
33
(-31 + (28 - 10) - (-30 + 3)) + 12 + -41
-15
Calculate 1 - 26 - (276 + -356) - 4.
51
Evaluate -1 - 112 - 0 - (50282 + -50301).
-94
518 + -672 - (0 + -24) - (-4 - (0 + -2))
-128
What is the value of (-52 - 2 - -14) + 85?
45
What is the value of -46 - (21 - 63) - 122?
-126
What is the value of -116 - (-20 - 33) - (3 - (-5 - (3 - -2)))?
-76
What is 3 - ((-4 - (2 + -3 - -3)) + 58 + -103)?
54
0 - -1 - ((-18 + -3 - -34) + -114)
102
What is (17 + 3 - -62) + -15 + 40?
107
-5 + 31 - (165 - 150) - 32
-21
What is the value of -26 - (22 + 